{"id":21,"date":"2016-09-13T13:16:23","date_gmt":"2016-09-13T13:16:23","guid":{"rendered":"http:\/\/localhost\/Themes\/2017\/Vision\/Website_WP\/index.php\/company\/"},"modified":"2025-02-27T14:06:27","modified_gmt":"2025-02-27T14:06:27","slug":"company","status":"publish","type":"page","link":"https:\/\/werkstatt-lechmann.de\/?page_id=21","title":{"rendered":"Company"},"content":{"rendered":"<p>Deine \u201cdo it yourself\u201d Selbsthilfewerkstatt \/ Hobbywerksatt in Greifenberg<br \/>\nSchraub doch mal selbst! Ob Hobby-, oder Profimechaniker \u2013 in unserer Mietwerkstatt stehen Dir drei\u00a0 Arbeitspl\u00e4tze\u00a0 mit Hebeb\u00fchnen bis 3,5 Tonnen, sowie eine beleuchtete Grube f\u00fcr dein Wohnmobil, Campingwagen und Anh\u00e4nger zur Verf\u00fcgung. Ein umfangreiches Angebot an verschiedensten Werkzeugen und Maschinen steht zum Verleih.<br \/>\nF\u00fcr PKW nur 15,- Euro\/Std. f\u00fcr Arbeitsplatz mit Hebeb\u00fchne.<br \/>\nF\u00fcr Nutzfahrzeuge nur 20,- Euro\/Std.<br \/>\nEs liegt jetzt in deiner Hand!!!<br \/>\n\u00a0<br \/>\nUnsere Preisliste:<\/p>\n<p>15.00 EUR \/ Std.<\/p>\n<p>20.00 EUR<\/p>\n<p>20.00 EUR (30 min. Takt)<\/p>\n<p>3.00 EUR<\/p>\n<p>3.00 EUR<\/p>\n<p>4.00 EUR<\/p>\n<p>5.00 EUR<\/p>\n<p>5.00 EUR<\/p>\n<p>10.00 EUR<\/p>\n<p>10.00 EUR<\/p>\n<p>5.00 EUR<\/p>\n<p>5.00 EUR<\/p>\n<p>5.00 EUR<\/p>\n<p>5.00 EUR<\/p>\n<p>20.00 EUR<\/p>\n<p>1.00 EUR<\/p>\n<p>2.00 EUR<\/p>\n<p>2.00 EUR<\/p>\n<p>1.00 EUR<\/p>\n<p>1.00 EUR<\/p>\n<p>1.00 EUR<\/p>\n<p>2.00 EUR<\/p>\n<p>30.00 EUR<\/p>\n<p>30.00 EUR<\/p>\n<p>5.00 EUR<\/p>\n<p>50.00 EUR<\/p>\n<p>20.00 EUR<\/p>\n<p>Alle Preise inkl. 19% Mwst.<br \/>\nDie mit nicht &#8222;pauschal&#8220; gekenntzeichneten Werkzeuge sind nach getaner Arbeit zur\u00fcck zu geben.<br \/>\nBitte achten Sie stets darauf, dass geliehene Werkzeug bestimmungsgem\u00e4\u00df zu benutzen und gereinigt zur\u00fcck zu geben.<\/p>\n<p><!-- {\"name\":\"About\",\"type\":\"layout\",\"children\":[{\"name\":\"Hero\",\"type\":\"section\",\"props\":{\"style\":\"default\",\"width\":\"expand\",\"vertical_align\":\"middle\",\"title_position\":\"top-left\",\"title_rotation\":\"left\",\"title_breakpoint\":\"xl\",\"image_position\":\"center-center\",\"height\":\"\",\"padding\":\"xlarge\",\"image\":\"wp-content\\\/uploads\\\/slide_3.jpg\",\"title\":\"\",\"image_effect\":\"parallax\",\"image_parallax_bgy_start\":\"0\",\"image_parallax_bgy_end\":110,\"image_size\":\"cover\",\"animation\":\"fade\",\"animation_delay\":true,\"image_parallax_breakpoint\":\"l\",\"image_width\":\"1560\",\"text_color\":\"\",\"header_transparent\":\"\"},\"children\":[{\"name\":\"\",\"type\":\"row\",\"props\":{\"fixed_width\":\"large\",\"breakpoint\":\"m\",\"layout\":\"1-1\",\"gutter\":\"small\",\"width\":\"\",\"margin\":\"large\",\"match\":false},\"children\":[{\"name\":\"\",\"type\":\"column\",\"props\":{\"widths\":[\"1-1\"],\"image_position\":\"center-center\",\"image\":\"\"},\"children\":[{\"name\":\"\",\"type\":\"panel\",\"props\":{\"link_text\":\"Read more\",\"title_element\":\"h1\",\"meta_style\":\"meta\",\"meta_align\":\"bottom\",\"icon_ratio\":4,\"image_align\":\"top\",\"image_grid_width\":\"1-2\",\"image_breakpoint\":\"m\",\"link_style\":\"default\",\"margin\":\"default\",\"panel_style\":\"card-secondary\",\"title\":\"Hobbywerkstatt - Do it yourself\",\"maxwidth\":\"xlarge\",\"title_style\":\"h2\",\"panel_size\":\"\",\"title_decoration\":\"\",\"title_color\":\"\",\"meta_color\":\"\",\"meta_margin\":\"\",\"content_style\":\"\",\"image_border\":\"\",\"image_box_shadow\":\"\",\"image_hover_box_shadow\":\"\",\"image_box_decoration\":\"\",\"icon_color\":\"\",\"image_gutter\":\"\",\"link_size\":\"\",\"text_align\":\"\",\"text_align_breakpoint\":\"\",\"text_align_fallback\":\"\",\"maxwidth_align\":\"\",\"maxwidth_breakpoint\":\"\",\"animation\":\"\",\"visibility\":\"\",\"content\":\"\"}}]}]}]},{\"name\":\"\",\"type\":\"section\",\"props\":{\"style\":\"default\",\"width\":\"default\",\"vertical_align\":\"middle\",\"title_position\":\"top-left\",\"title_rotation\":\"left\",\"title_breakpoint\":\"xl\",\"image_position\":\"center-center\",\"text_color\":\"\",\"width_expand\":\"\",\"height\":\"\",\"padding\":\"\",\"header_transparent\":\"\",\"animation\":\"\"},\"children\":[{\"name\":\"\",\"type\":\"row\",\"props\":{\"layout\":\"1-1\",\"breakpoint\":\"m\",\"fixed_width\":\"large\",\"gutter\":\"\",\"width\":\"\",\"width_expand\":\"\",\"height\":\"\",\"margin\":\"\"},\"children\":[{\"name\":\"\",\"type\":\"column\",\"props\":{\"widths\":[\"1-1\"],\"image_position\":\"center-center\",\"media_overlay_gradient\":\"\",\"vertical_align\":\"\",\"style\":\"\",\"text_color\":\"\",\"padding\":\"\"},\"children\":[{\"name\":\"\",\"type\":\"text\",\"props\":{\"margin\":\"default\",\"column_breakpoint\":\"m\",\"text_style\":\"\",\"text_color\":\"\",\"text_size\":\"\",\"column\":\"\",\"text_align\":\"\",\"text_align_breakpoint\":\"\",\"text_align_fallback\":\"\",\"maxwidth\":\"\",\"maxwidth_align\":\"\",\"maxwidth_breakpoint\":\"\",\"animation\":\"\",\"visibility\":\"\",\"content\":\"\n\n<p>Deine \\u201cdo it yourself\\u201d Selbsthilfewerkstatt \\\/ Hobbywerksatt in Greifenberg<\\\/p>\\n\n\n<p>Schraub doch mal selbst! Ob Hobby-, oder Profimechaniker \\u2013 in unserer Mietwerkstatt stehen Dir drei\\u00a0 Arbeitspl\\u00e4tze\\u00a0 mit Hebeb\\u00fchnen bis 3,5 Tonnen, sowie eine beleuchtete Grube f\\u00fcr dein Wohnmobil, Campingwagen und Anh\\u00e4nger zur Verf\\u00fcgung. Ein umfangreiches Angebot an verschiedensten Werkzeugen und Maschinen steht zum Verleih.<\\\/p>\\n\n\n<p><span style=\\\"color: #3366ff;\\\"><strong>F\\u00fcr PKW nur 15,- Euro\\\/Std. f\\u00fcr Arbeitsplatz mit Hebeb\\u00fchne. <\\\/strong><\\\/span><\\\/p>\\n\n\n<p><span style=\\\"color: #3366ff;\\\"><strong>F\\u00fcr Nutzfahrzeuge nur 20,- Euro\\\/Std.<\\\/strong><\\\/span><\\\/p>\\n\n\n<p><span style=\\\"color: #3366ff;\\\"><strong>Es liegt jetzt in deiner Hand!!!<\\\/strong><\\\/span><\\\/p>\\n\n\n<p>\\u00a0<\\\/p>\\n\n\n<p><strong>Unsere Preisliste:<\\\/strong><\\\/p>\"}},{\"name\":\"\",\"type\":\"table\",\"props\":{\"show_title\":true,\"show_meta\":true,\"show_content\":true,\"show_image\":true,\"show_link\":true,\"table_order\":\"5\",\"table_responsive\":\"overflow\",\"table_width_title\":\"small\",\"table_width_meta\":\"shrink\",\"meta_style\":\"meta\",\"link_text\":\"Read more\",\"link_style\":\"default\",\"table_style\":\"divider\",\"table_size\":\"small\",\"table_last_align\":\"\",\"table_width_content\":\"small\",\"title_style\":\"\",\"title_color\":\"\",\"meta_color\":\"\",\"content_style\":\"\",\"image_border\":\"\",\"image_box_shadow\":\"\",\"link_size\":\"\",\"text_align\":\"\",\"text_align_breakpoint\":\"\",\"text_align_fallback\":\"\",\"maxwidth\":\"\",\"maxwidth_align\":\"\",\"maxwidth_breakpoint\":\"\",\"margin\":\"\",\"animation\":\"\",\"visibility\":\"\",\"table_justify\":true},\"children\":[{\"name\":\"\",\"type\":\"table_item\",\"props\":{\"title\":\"Arbeitsplatz mit Hebeb\\u00fchne\",\"content\":\"\n\n<p>15.00 EUR \\\/ Std.<\\\/p>\"}},{\"name\":\"\",\"type\":\"table_item\",\"props\":{\"title\":\"\\u00d6lauffangbeh\\u00e4lter (Alt\\u00f6l u. Filterentsorgung inkl.)\\t\",\"content\":\"\n\n<p>20.00 EUR<\\\/p>\"}},{\"name\":\"\",\"type\":\"table_item\",\"props\":{\"title\":\"Schwei\\u00dfger\\u00e4t Schutzgas 1. Std.\",\"meta\":\"\",\"content\":\"\n\n<p>20.00 EUR (30 min. Takt)<\\\/p>\"}},{\"name\":\"\",\"type\":\"table_item\",\"props\":{\"title\":\"Flex \\\/ Hei\\u00dfluftf\\u00f6hn\",\"content\":\"\n\n<p>3.00 EUR<\\\/p>\"}},{\"name\":\"\",\"type\":\"table_item\",\"props\":{\"title\":\"Bohrmaschine\",\"content\":\"\n\n<p>3.00 EUR<\\\/p>\"}},{\"name\":\"\",\"type\":\"table_item\",\"props\":{\"title\":\"Schlagschrauber\",\"content\":\"\n\n<p>4.00 EUR<\\\/p>\"}},{\"name\":\"\",\"type\":\"table_item\",\"props\":{\"title\":\"Lagerabzieher\",\"content\":\"\n\n<p>5.00 EUR<\\\/p>\"}},{\"name\":\"\",\"type\":\"table_item\",\"props\":{\"title\":\"Presse\",\"content\":\"\n\n<p>5.00 EUR<\\\/p>\"}},{\"name\":\"\",\"type\":\"table_item\",\"props\":{\"title\":\"Federspanner \",\"content\":\"\n\n<p>10.00 EUR<\\\/p>\"}},{\"name\":\"\",\"type\":\"table_item\",\"props\":{\"title\":\"Gewindeschneider Set\",\"content\":\"\n\n<p>10.00 EUR<\\\/p>\"}},{\"name\":\"\",\"type\":\"table_item\",\"props\":{\"title\":\"Bremskolbenr\\u00fccksteller\",\"content\":\"\n\n<p>5.00 EUR<\\\/p>\"}},{\"name\":\"\",\"type\":\"table_item\",\"props\":{\"title\":\"Motorkran\\t\",\"content\":\"\n\n<p>5.00 EUR<\\\/p>\"}},{\"name\":\"\",\"type\":\"table_item\",\"props\":{\"title\":\"Motorheber Br\\u00fccke\",\"content\":\"\n\n<p>5.00 EUR<\\\/p>\"}},{\"name\":\"\",\"type\":\"table_item\",\"props\":{\"title\":\"Getriebeheber\",\"content\":\"\n\n<p>5.00 EUR<\\\/p>\"}},{\"name\":\"\",\"type\":\"table_item\",\"props\":{\"title\":\"Bremsenentl\\u00fcftungsger\\u00e4t\",\"content\":\"\n\n<p>20.00 EUR<\\\/p>\"}},{\"name\":\"\",\"type\":\"table_item\",\"props\":{\"title\":\"Torx Stiftschl\\u00fcssel\",\"content\":\"\n\n<p>1.00 EUR<\\\/p>\"}},{\"name\":\"\",\"type\":\"table_item\",\"props\":{\"title\":\"Drehmomentschl\\u00fcssel\",\"content\":\"\n\n<p>2.00 EUR<\\\/p>\"}},{\"name\":\"\",\"type\":\"table_item\",\"props\":{\"title\":\"Ratsche\",\"content\":\"\n\n<p>2.00 EUR<\\\/p>\"}},{\"name\":\"\",\"type\":\"table_item\",\"props\":{\"title\":\"Ring & Gabelschl\\u00fcssel\",\"content\":\"\n\n<p>1.00 EUR<\\\/p>\"}},{\"name\":\"\",\"type\":\"table_item\",\"props\":{\"title\":\"\\u00d6l Sch\\u00fcssel\",\"content\":\"\n\n<p>1.00 EUR<\\\/p>\"}},{\"name\":\"\",\"type\":\"table_item\",\"props\":{\"title\":\"Kleinwerkzeug ab\",\"content\":\"\n\n<p>1.00 EUR<\\\/p>\"}},{\"name\":\"\",\"type\":\"table_item\",\"props\":{\"title\":\"Handlampe\\t\",\"content\":\"\n\n<p>2.00 EUR<\\\/p>\"}},{\"name\":\"\",\"type\":\"table_item\",\"props\":{\"title\":\"Reifenmontage & Wuchten je Alufelge 17 Zoll\",\"content\":\"\n\n<p>30.00 EUR<\\\/p>\"}},{\"name\":\"\",\"type\":\"table_item\",\"props\":{\"title\":\"Radwechsel Umstecken ohne Wuchten (Sommer auf Winter!!!)\",\"content\":\"\n\n<p>30.00 EUR<\\\/p>\"}},{\"name\":\"\",\"type\":\"table_item\",\"props\":{\"title\":\"Altreifenentsorgung je Reifen\",\"content\":\"\n\n<p>5.00 EUR<\\\/p>\"}},{\"name\":\"\",\"type\":\"table_item\",\"props\":{\"title\":\"Steuerger\\u00e4t auslesen \\\/ Fehlerspeicher l\\u00f6schen incl. Fehlersuche\",\"content\":\"\n\n<p>50.00 EUR<\\\/p>\"}},{\"name\":\"\",\"type\":\"table_item\",\"props\":{\"title\":\"Bei nicht Reinigung des Arbeitsplatzes\",\"content\":\"\n\n<p>20.00 EUR<\\\/p>\"}}]},{\"name\":\"\",\"type\":\"text\",\"props\":{\"margin\":\"default\",\"column_breakpoint\":\"m\",\"text_style\":\"\",\"text_color\":\"\",\"text_size\":\"\",\"column\":\"\",\"text_align\":\"\",\"text_align_breakpoint\":\"\",\"text_align_fallback\":\"\",\"maxwidth\":\"\",\"maxwidth_align\":\"\",\"maxwidth_breakpoint\":\"\",\"animation\":\"\",\"visibility\":\"\",\"content\":\"\n\n<p>Alle Preise inkl. 19% Mwst.<\\\/p>\\n\n\n<p>Die mit nicht \\\"pauschal\\\" gekenntzeichneten Werkzeuge sind nach getaner Arbeit zur\\u00fcck zu geben.<\\\/p>\\n\n\n<p>Bitte achten Sie stets darauf, dass geliehene Werkzeug bestimmungsgem\\u00e4\\u00df zu benutzen und gereinigt zur\\u00fcck zu geben.<\\\/p>\"}}]}]}]}]} --><\/p>\n","protected":false},"excerpt":{"rendered":"<p>Deine \u201cdo it yourself\u201d Selbsthilfewerkstatt \/ Hobbywerksatt in Greifenberg Schraub doch mal selbst! Ob Hobby-, oder Profimechaniker \u2013 in unserer Mietwerkstatt stehen Dir drei\u00a0 Arbeitspl\u00e4tze\u00a0 mit Hebeb\u00fchnen bis 3,5 Tonnen, sowie eine beleuchtete Grube f\u00fcr dein Wohnmobil, Campingwagen und Anh\u00e4nger zur Verf\u00fcgung. Ein umfangreiches Angebot an verschiedensten Werkzeugen und Maschinen steht zum Verleih. F\u00fcr PKW [&hellip;]<\/p>\n","protected":false},"author":1,"featured_media":0,"parent":0,"menu_order":10,"comment_status":"closed","ping_status":"closed","template":"","meta":{"_monsterinsights_skip_tracking":false,"_monsterinsights_sitenote_active":false,"_monsterinsights_sitenote_note":"","_monsterinsights_sitenote_category":0,"footnotes":""},"class_list":["post-21","page","type-page","status-publish","hentry"],"_links":{"self":[{"href":"https:\/\/werkstatt-lechmann.de\/index.php?rest_route=\/wp\/v2\/pages\/21","targetHints":{"allow":["GET"]}}],"collection":[{"href":"https:\/\/werkstatt-lechmann.de\/index.php?rest_route=\/wp\/v2\/pages"}],"about":[{"href":"https:\/\/werkstatt-lechmann.de\/index.php?rest_route=\/wp\/v2\/types\/page"}],"author":[{"embeddable":true,"href":"https:\/\/werkstatt-lechmann.de\/index.php?rest_route=\/wp\/v2\/users\/1"}],"replies":[{"embeddable":true,"href":"https:\/\/werkstatt-lechmann.de\/index.php?rest_route=%2Fwp%2Fv2%2Fcomments&post=21"}],"version-history":[{"count":52,"href":"https:\/\/werkstatt-lechmann.de\/index.php?rest_route=\/wp\/v2\/pages\/21\/revisions"}],"predecessor-version":[{"id":463,"href":"https:\/\/werkstatt-lechmann.de\/index.php?rest_route=\/wp\/v2\/pages\/21\/revisions\/463"}],"wp:attachment":[{"href":"https:\/\/werkstatt-lechmann.de\/index.php?rest_route=%2Fwp%2Fv2%2Fmedia&parent=21"}],"curies":[{"name":"wp","href":"https:\/\/api.w.org\/{rel}","templated":true}]}}